1
Calculate the highest common factor of 24341 and 723.
241
What is the highest common factor of 5656 and 96859?
707
Calculate the highest common divisor of 62965 and 514.
257
What is the greatest common factor of 686547 and 36?
9
What is the greatest common factor of 119269 and 123?
41
Calculate the greatest common factor of 33 and 18623.
11
Calculate the greatest common divisor of 4408 and 17252.
76
Calculate the highest common divisor of 56 and 37198.
14
Calculate the greatest common factor of 36 and 10128.
12
What is the highest common divisor of 69525 and 22950?
675
Calculate the greatest common factor of 264 and 516813.
33
What is the highest common divisor of 427 and 214781?
427
Calculate the greatest common factor of 3140 and 33280.
20
Calculate the highest common divisor of 41094 and 2.
2
Calculate the highest common factor of 70 and 10970.
10
What is the greatest common factor of 7200 and 14800?
400
Calculate the greatest common divisor of 1545 and 117935.
515
Calculate the highest common divisor of 15966 and 54.
18
What is the highest common divisor of 10624 and 83?
83
Calculate the highest common divisor of 154 and 4906.
22
Calculate the highest common factor of 21052183 and 53.
53
Calculate the greatest common factor of 29 and 1804467.
29
Calculate the highest common factor of 8310837 and 597.
597
Calculate the highest common factor of 48 and 4123572.
12
What is the highest common factor of 100308 and 195?
39
What is the highest common factor of 303 and 478033?
101
Calculate the highest common divisor of 18 and 506691.
9
Calculate the highest common factor of 48 and 516656.
16
What is the greatest common factor of 434 and 196756?
14
Calculate the greatest common divisor of 168 and 1052184.
168
What is the greatest common divisor of 153840 and 880?
80
Calculate the greatest common divisor of 21771 and 32103.
369
Calculate the greatest common factor of 15793 and 1853.
17
Calculate the greatest common divisor of 93 and 16337.
31
What is the greatest common divisor of 16459 and 7739?
109
Calculate the greatest common factor of 1568 and 32781.
49
What is the highest common divisor of 54 and 184176?
18
Calculate the greatest common divisor of 5098213 and 19.
19
Calculate the greatest common factor of 984 and 12464.
328
Calculate the greatest common factor of 436 and 122407.
109
What is the greatest common factor of 9543887 and 2066?
1033
Calculate the highest common divisor of 343660 and 580.
20
What is the highest common divisor of 374 and 577082?
374
What is the highest common factor of 1770 and 270?
30
What is the highest common divisor of 89600 and 16200?
200
What is the greatest common divisor of 24 and 2133?
3
What is the highest common divisor of 2 and 271036?
2
Calculate the highest common divisor of 11395 and 4.
1
What is the greatest common divisor of 12597 and 171?
57
What is the highest common divisor of 2678 and 23062?
26
Calculate the greatest common divisor of 126645 and 245.
5
Calculate the highest common divisor of 1375 and 18485.
5
What is the greatest common factor of 22724 and 8?
4
Calculate the highest common divisor of 16579 and 21637.
281
Calculate the greatest common divisor of 112000 and 504.
56
What is the greatest common divisor of 19440 and 13680?
720
Calculate the greatest common factor of 1990 and 59302.
398
What is the greatest common divisor of 23709 and 168?
21
What is the greatest common factor of 957 and 592383?
957
Calculate the greatest common divisor of 3655 and 4315093.
731
What is the greatest common divisor of 28 and 5636?
4
What is the greatest common factor of 27 and 1558683?
27
Calculate the greatest common divisor of 184 and 85192.
184
What is the greatest common factor of 1638 and 3302?
26
Calculate the highest common divisor of 149592 and 11776.
184
What is the highest common divisor of 64 and 83096?
8
What is the greatest common divisor of 4301032 and 344?
344
What is the highest common divisor of 2255 and 1705?
55
Calculate the greatest common factor of 300795 and 165.
165
What is the greatest common factor of 78 and 134511?
39
Calculate the greatest common divisor of 420 and 31880.
20
What is the highest common factor of 345134 and 17?
17
Calculate the highest common divisor of 19873 and 40936.
119
Calculate the highest common factor of 2014 and 7950.
106
Calculate the highest common divisor of 92898 and 1872.
234
What is the highest common factor of 108 and 16476?
12
What is the highest common divisor of 4658 and 4998?
34
What is the greatest common divisor of 3625730 and 530?
530
What is the greatest common divisor of 1274 and 13468?
182
What is the greatest common factor of 1071 and 120071?
119
Calculate the greatest common divisor of 934431 and 5778.
321
What is the highest common divisor of 16 and 6997208?
8
Calculate the highest common factor of 1275 and 1989.
51
What is the greatest common factor of 6061 and 14993?
319
Calculate the greatest common divisor of 88644 and 996.
996
Calculate the highest common divisor of 5429 and 671.
61
Calculate the greatest common factor of 238675 and 275.
25
What is the highest common factor of 288 and 150723?
9
What is the highest common factor of 275935 and 10208?
319
Calculate the highest common divisor of 159 and 3297.
3
What is the highest common divisor of 33835 and 9045?
335
Calculate the greatest common divisor of 1925 and 1463.
77
Calculate the highest common factor of 1456 and 666432.
208
Calculate the highest common factor of 12936 and 61600.
616
Calculate the greatest common divisor of 18464 and 338699.
577
Calculate the highest common divisor of 3657 and 12489.
69
What is the greatest common divisor of 4468 and 108349?
1117
What is the greatest common divisor of 6 and 241976?
2
What is the highest common divisor of 24 and 34024?
8
What is the highest common factor of 1365 and 135555?
105
Calculate the highest common factor of 59 and 188918.
59
What is the greatest common factor of 30 and 292635?
15
Calculate the greatest common factor of 69 and 106789.
23
Calculate the greatest common divisor of 1836 and 50382.
54
What is the highest common divisor of 4656 and 2016?
48
What is the highest common divisor of 56949 and 246?
123
What is the highest common divisor of 610 and 1485228?
122
What is the greatest common factor of 127764 and 11214?
126
What is the highest common divisor of 2584 and 2021980?
1292
Calculate the greatest common factor of 8824 and 872.
8
Calculate the greatest common divisor of 8004158 and 4506.
1502
What is the highest common factor of 7988633 and 37?
37
Calculate the greatest common factor of 658 and 25144.
14
What is the highest common divisor of 2040 and 7144?
8
Calculate the highest common factor of 15800 and 82002.
158
Calculate the greatest common divisor of 216308 and 748.
68
Calculate the greatest common divisor of 23724 and 10.
2
Calculate the greatest common divisor of 84 and 960554.
14
What is the highest common divisor of 524748 and 84?
84
What is the greatest common factor of 854 and 3514?
14
What is the highest common factor of 60762 and 24206?
494
What is the greatest common divisor of 305767 and 5852?
1463
Calculate the greatest common factor of 123758 and 4.
2
What is the highest common divisor of 232421 and 7?
7
What is the greatest common divisor of 41 and 473591?
41
What is the greatest common divisor of 41382 and 90?
18
Calculate the highest common divisor of 14222 and 10946.
26
Calculate the highest common divisor of 208 and 396656.
208
What is the greatest common divisor of 22 and 3884606?
22
What is the highest common factor of 60150 and 670?
10
What is the highest common divisor of 68104 and 16?
8
Calculate the highest common divisor of 103017 and 285163.
1493
Calculate the greatest common factor of 1988735 and 35.
35
What is the greatest common factor of 7625 and 5875?
125
What is the highest common divisor of 164 and 2321584?
164
What is the greatest common divisor of 6898632 and 39?
39
What is the greatest common factor of 3136 and 55664?
784
Calculate the greatest common divisor of 4067 and 913.
83
What is the highest common divisor of 627 and 3795?
33
Calculate the greatest common divisor of 436 and 1360429.
109
Calculate the greatest common divisor of 45 and 71667.
9
What is the 